NOAA style reports

Rapports climatiques NOAA

Select NOAA data to display

Selectionner un mois ou une annee

Report for 2018 12
                   MONTHLY CLIMATOLOGICAL SUMMARY for DEC. 2018

NAME: meteo   CITY: ticheville   STATE: France 
ELEV:   216 m  LAT:  48° 54' 30" N  LONG:   0° 16' 00" E

                   TEMPERATURE (°C), RAIN  (mm), WIND SPEED (km/hr)

                                      HEAT  COOL        AVG
    MEAN                              DEG   DEG         WIND                 DOM
DAY TEMP  HIGH   TIME   LOW    TIME   DAYS  DAYS  RAIN  SPEED HIGH   TIME    DIR
------------------------------------------------------------------------------------
 1   9.8  12.5   23:55   7.3    0:10   8.4   0.0   0.0   5.3  35.4   10:15     S
 2  13.7  15.3   14:05  12.4    0:05   4.6   0.0   0.0   8.7  29.0   13:10    SW
 3  13.4  15.1    0:20  11.4   23:35   4.9   0.0   0.0  11.1  41.8   17:00    SW
 4  10.5  12.7   13:10   9.4    9:10   7.8   0.0   0.0   2.4  22.5    2:50   WSW
 5  11.7  13.0   13:45   9.9    1:05   6.6   0.0   0.0   2.9  19.3   14:55   SSE
 6  12.1  12.6   20:25  11.3    9:10   6.2   0.0   0.0   7.6  25.7   10:45    SW
 7  10.3  12.7   10:40   6.6   17:30   8.0   0.0   0.0  10.9  48.3   16:35    SW
 8   9.8  12.6   19:35   6.9    0:35   8.5   0.0   0.0  15.1  59.5   19:05    SW
 9   9.7  11.6   14:20   8.2    4:55   8.6   0.0   0.0  12.4  57.9    2:30   WSW
10   8.0   9.8   12:40   5.4   00:00  10.3   0.0   0.0   3.1  29.0    5:15     W
11   5.2  10.8   14:15   0.6    8:40   9.9   0.0   0.0   0.2   8.0   12:55    SE
12
13
14
15
16
17
18
19
20
21
22
23
24
25
26
27
28
29
30
31
-------------------------------------------------------------------------------------
    10.4  15.3     2     0.6    11    83.9   0.0   0.0   7.2  59.5     8      SW

Max >=  32.0:  0
Max <=   0.0:  0
Min <=   0.0:  0
Min <= -18.0:  0
Max Rain: 0.00 ON 01/12/18
Days of Rain: 0 (> .2 mm) 0 (> 2 mm) 0 (> 20 mm)
Heat Base:  18.3  Cool Base:  18.3  Method: Integration