NOAA style reports

Rapports climatiques NOAA

Select NOAA data to display

Selectionner un mois ou une annee
2018 > Jan Feb Mar Apr May Jun Jul Aug Sep Oct Nov Dec

Report for 2018 09
                   MONTHLY CLIMATOLOGICAL SUMMARY for SEP. 2018

NAME: meteo   CITY: ticheville   STATE: France 
ELEV:   216 m  LAT:  48° 54' 30" N  LONG:   0° 16' 00" E

                   TEMPERATURE (°C), RAIN  (mm), WIND SPEED (km/hr)

                                      HEAT  COOL        AVG
    MEAN                              DEG   DEG         WIND                 DOM
DAY TEMP  HIGH   TIME   LOW    TIME   DAYS  DAYS  RAIN  SPEED HIGH   TIME    DIR
------------------------------------------------------------------------------------
 1  17.3  22.9   16:15  11.2    7:55   2.4   1.4   0.0   1.0  14.5   15:05   NNE
 2  16.3  22.2   15:50   9.5    6:50   3.1   1.1   0.0   1.1  20.9   12:15    NE
 3  16.5  23.8   16:55  10.2    7:05   3.2   1.4   0.0   0.6  16.1   14:00   NNE
 4  15.7  19.8   11:40  10.9    6:30   2.7   0.1   0.0   1.1  22.5   21:50   NNE
 5  16.6  17.3   14:05  16.1   23:45   1.7   0.0   0.0   1.0  17.7   15:20   NNE
 6  16.6  20.4   14:35  13.5   22:30   1.9   0.2   0.0   1.3  22.5   15:40   NNE
 7  16.9  39.1   23:05  10.8   23:00   2.4   1.0   0.0   3.4  24.1    7:25   WSW
 8  29.4  48.7   12:45  14.6   00:00   0.4  11.5   0.0   0.5  14.5   15:00   WSW
 9  25.4  52.1   10:50   5.7    7:20   0.8   7.9   0.0   0.6  16.1   15:00   WSW
10  29.9  47.8   12:00  12.3    8:05   0.4  12.0   0.0   1.4  22.5   15:30   WSW
11  26.0  56.3   15:10  12.8    4:45   1.8   9.5   0.0   2.1  24.1   13:05   WSW
12  26.7  43.6    9:20   8.4    6:35   0.5   8.9   0.0   0.8  16.1   15:35   WSW
13  15.9  43.2    2:15  10.4   00:00   3.3   0.9   0.0   0.8  16.1   16:20   NNE
14  13.1  47.1   15:05   7.8    6:20   5.7   0.5   0.0   1.1  19.3   14:25   WSW
15  14.4  21.6   16:35   8.4    7:35   4.5   0.6   0.0   0.5  11.3   11:40   NNE
16  16.0  23.4   18:50  10.1    2:30   3.6   1.3   0.0   0.3  14.5   15:45   WSW
17  18.8  27.8   16:40   9.6    7:30   2.7   3.2   0.0   0.2  17.7   14:10    SW
18  19.9  24.6   17:00  16.2   23:50   0.3   1.9   0.0   2.9  29.0   12:55   WSW
19  18.4  23.7   17:10  15.3    4:30   1.1   1.3   0.0   3.7  29.0   17:25    SW
20  19.2  24.5   17:10  15.8    7:50   0.8   1.7   0.0   2.6  30.6   23:00    SW
21  14.9  18.4    3:30   9.4   00:00   3.4   0.0   0.0   7.9  37.0    6:15   WSW
22   9.6   9.9    0:15   9.4    0:05   0.1   0.0   0.0   0.0   0.0     ---   ---
23
24
25
26
27
28
29
30
-------------------------------------------------------------------------------------
    18.8  56.3    11     5.7     9    46.7  66.2   0.0   1.6  37.0    21     WSW

Max >=  32.0:  8
Max <=   0.0:  0
Min <=   0.0:  0
Min <= -18.0:  0
Max Rain: 0.00 ON 01/09/18
Days of Rain: 0 (> .2 mm) 0 (> 2 mm) 0 (> 20 mm)
Heat Base:  18.3  Cool Base:  18.3  Method: Integration