NOAA style reports

Rapports climatiques NOAA

Select NOAA data to display

Selectionner un mois ou une annee
2019 > Jan Feb Mar Apr May Jun Jul Aug Sep Oct Nov Dec

Report for 2019 06
                   MONTHLY CLIMATOLOGICAL SUMMARY for JUN. 2019

NAME: meteo   CITY: ticheville   STATE: France 
ELEV:   216 m  LAT:  48° 54' 30" N  LONG:   0° 16' 00" E

                   TEMPERATURE (°C), RAIN  (mm), WIND SPEED (km/hr)

                                      HEAT  COOL        AVG
    MEAN                              DEG   DEG         WIND                 DOM
DAY TEMP  HIGH   TIME   LOW    TIME   DAYS  DAYS  RAIN  SPEED HIGH   TIME    DIR
------------------------------------------------------------------------------------
 1  21.2  29.2   17:30  11.9    4:30   1.6   4.5   0.0   0.2  12.9   14:50     E
 2  22.8  28.6   16:55  17.5    4:40   0.0   4.5   0.0   1.9  29.0   16:00   WSW
 3  16.5  20.8   16:00  12.7    8:50   2.1   0.3   0.0   1.8  20.9   14:00   WSW
 4  16.7  22.7   15:35  12.6    3:15   2.2   0.6   8.0   2.1  40.2   15:50     E
 5  13.2  15.2   11:55  10.6   00:00   5.1   0.0   8.4   0.5  16.1    9:40   WSW
 6  13.6  19.6   17:00   8.8    6:20   4.7   0.0   0.2   0.6  17.7   19:25     E
 7  12.6  16.0   15:30  10.3   17:15   5.7   0.0  15.6   7.2  45.1   22:50     E
 8  13.5  17.8   18:15  10.5    3:30   4.8   0.0   2.2   5.6  32.2    0:55    SW
 9  13.7  19.9   13:30   9.4    4:10   4.7   0.0   4.2   0.6  11.3    7:55   ENE
10  11.5  14.2   18:55   9.3   23:35   6.8   0.0   9.8   2.9  24.1    9:50   WSW
11  11.9  17.3   14:30   6.4    6:05   6.4   0.0   0.8   1.0  19.3   18:10     E
12  12.1  15.9   14:00   9.6    5:10   6.3   0.0   3.0   1.1  17.7   19:30   ENE
13  13.7  19.0   17:55  10.2    5:25   4.6   0.0   2.4   2.6  30.6   14:50    SW
14  15.5  21.8   15:50   8.8    5:55   3.3   0.6   0.0   1.1  19.3    9:35   WSW
15  14.9  19.8   17:20  10.2    5:40   3.4   0.0   0.0   1.9  22.5   12:15    SW
16  16.7  21.2   18:25  13.4    6:10   2.0   0.4   0.2   1.1  17.7    9:35    SW
17  17.9  26.4   17:20  10.6    6:05   2.4   2.0   0.0   0.3  14.5   13:35   WSW
18  20.2  27.1   17:45  13.4    6:50   1.5   3.3   0.0   1.3  16.1   13:40     E
19  17.9  23.4   14:05  14.9    5:40   1.2   0.8   2.8   2.1  25.7    9:30   WSW
20  15.4  19.2   14:30  12.4    5:20   2.9   0.0   0.8   3.2  24.1   14:00   WSW
21  15.1  21.0   16:05   8.7    6:10   3.7   0.4   0.0   1.0  17.7   13:20   NNE
22  17.3  23.4   17:45  10.3    6:00   2.6   1.6   0.0   1.8  19.3   15:45   ENE
23  20.6  26.8   16:45  13.4    4:50   1.4   3.7   0.0   1.9  22.5   13:35     E
24  20.3  22.7    0:05  18.9   12:35   0.0   1.2   1.0   0.6  12.9    7:30   WSW
25
26
27
28
29
30
-------------------------------------------------------------------------------------
    16.0  29.2     1     6.4    11    79.5  24.2  59.4   1.9  45.1     7     WSW

Max >=  32.0:  0
Max <=   0.0:  0
Min <=   0.0:  0
Min <= -18.0:  0
Max Rain: 15.60 ON 07/06/19
Days of Rain: 14 (> .2 mm) 9 (> 2 mm) 0 (> 20 mm)
Heat Base:  18.3  Cool Base:  18.3  Method: Integration