NOAA style reports

Rapports climatiques NOAA

Select NOAA data to display

Selectionner un mois ou une annee
2018 > Jan Feb Mar Apr May Jun Jul Aug Sep Oct Nov Dec

Report for 2018 06
                   MONTHLY CLIMATOLOGICAL SUMMARY for JUN. 2018

NAME: meteo   CITY: ticheville   STATE: France 
ELEV:   216 m  LAT:  48° 54' 30" N  LONG:   0° 16' 00" E

                   TEMPERATURE (°C), RAIN  (mm), WIND SPEED (km/hr)

                                      HEAT  COOL        AVG
    MEAN                              DEG   DEG         WIND                 DOM
DAY TEMP  HIGH   TIME   LOW    TIME   DAYS  DAYS  RAIN  SPEED HIGH   TIME    DIR
------------------------------------------------------------------------------------
 1  45.4  48.1   13:15  44.1    2:40   0.0  26.4   0.0   1.8  17.7    5:00   WSW
 2  46.0  54.0   16:50  38.6    4:55   0.0  25.7   0.0   1.0  16.1   14:05   WSW
 3  48.8  56.3   15:40  40.8    6:00   0.0  30.5   0.0   2.7  22.5   16:10   ENE
 4  47.2  53.7   16:50  44.1    2:35   0.0  28.9   0.0   2.7  20.9   13:50    NE
 5  35.2  45.7    0:05  15.9   12:25   0.6  17.5   0.0   2.1  17.7    1:25    NE
 6  43.1  47.3   21:00  39.9    8:00   0.0  24.8   0.0   1.4  17.7    7:40   NNE
 7  48.4  54.5   16:00  44.4    1:40   0.0  30.1   0.0   0.2  12.9   15:30     W
 8  41.6  55.4   15:00  17.6   15:55   0.0  23.2   0.0   1.0  19.3   14:45   NNE
 9  20.3  24.2   12:50  17.2    7:10   0.2   2.1   0.0   1.6  17.7   11:10   ENE
10  20.1  23.3   17:10  17.6    6:20   0.1   1.7   0.0   1.0  16.1   22:20    NE
11  19.1  21.3   17:05  17.7    8:20   0.1   0.9   0.0   3.7  27.4   17:15    NE
12  17.0  21.3   16:20  14.3   00:00   1.5   0.2   0.0   3.1  29.0    7:45   NNE
13  14.8  20.0   17:35  10.9    5:40   3.5   0.1   0.0   0.8  16.1   11:50   NNE
14  16.2  19.2   13:30  13.1    5:20   2.1   0.1   0.0   1.8  25.7   10:00   WSW
15  15.4  20.4   17:15  10.1    6:10   3.1   0.2   0.0   1.1  19.3   20:15     W
16  15.2  19.8   14:35  10.8    6:05   3.1   0.1   0.0   2.3  22.5   16:40   WSW
17  15.7  19.3   15:30  12.9    5:45   2.7   0.0   0.0   2.7  22.5   14:50   WSW
18  17.9  21.1   18:20  15.4    6:55   0.9   0.5   0.0   3.7  24.1   12:40   WSW
19  19.6  24.6   19:00  16.4    8:05   0.4   1.7   0.0   1.1  14.5    0:20   WSW
20  20.4  27.7   17:45  14.9    7:35   0.8   2.4   0.0   0.8  12.9   14:00   NNE
21
22
23
24
25
26
27
28
29
30
-------------------------------------------------------------------------------------
    28.4  56.3     3    10.1    15    19.1 217.0   0.0   1.8  29.0    12     WSW

Max >=  32.0:  8
Max <=   0.0:  0
Min <=   0.0:  0
Min <= -18.0:  0
Max Rain: 0.00 ON 01/06/18
Days of Rain: 0 (> .2 mm) 0 (> 2 mm) 0 (> 20 mm)
Heat Base:  18.3  Cool Base:  18.3  Method: Integration