NOAA style reports

Rapports climatiques NOAA

Select NOAA data to display

Selectionner un mois ou une annee
2019 > Jan Feb Mar Apr May Jun Jul Aug Sep Oct Nov Dec

Report for 2019 04
                   MONTHLY CLIMATOLOGICAL SUMMARY for APR. 2019

NAME: meteo   CITY: ticheville   STATE: France 
ELEV:   216 m  LAT:  48° 54' 30" N  LONG:   0° 16' 00" E

                   TEMPERATURE (°C), RAIN  (mm), WIND SPEED (km/hr)

                                      HEAT  COOL        AVG
    MEAN                              DEG   DEG         WIND                 DOM
DAY TEMP  HIGH   TIME   LOW    TIME   DAYS  DAYS  RAIN  SPEED HIGH   TIME    DIR
------------------------------------------------------------------------------------
 1  11.2  18.6   17:50   5.2    7:40   7.1   0.0   0.0   3.2  19.3    2:35    NE
 2   7.8  11.3   12:45   3.4   00:00  10.5   0.0   0.8   4.7  35.4   14:35   WSW
 3   3.4   8.1   12:55   1.1   23:50  14.9   0.0   4.2   3.1  27.4   13:40    SW
 4   5.1  10.6   16:05  -0.4    7:00  13.2   0.0   0.2   2.6  25.7   12:15   SSE
 5   8.6  10.8   12:20   6.3    1:45   9.7   0.0   0.0   6.0  29.0   12:55   ESE
 6   9.7  14.9   16:50   3.9    8:25   8.6   0.0   0.0   6.8  37.0   12:15     E
 7  10.1  16.1   14:15   4.5    7:10   8.2   0.0   0.0   1.3  17.7   14:05   WSW
 8  10.6  15.8   12:45   3.9    7:30   7.8   0.0   0.0   1.3  19.3   12:25   WSW
 9  10.0  16.1   14:45   4.6    7:50   8.3   0.0   0.0   1.4  20.9   15:00   NNE
10   8.6   9.4   19:30   5.6   00:00   9.7   0.0   3.4   1.6  19.3   12:55     N
11   7.2  13.8   16:35   1.6    7:30  11.1   0.0   0.0   4.0  29.0   11:10   NNE
12   6.6  12.4   16:30   0.5    7:10  11.8   0.0   0.0   3.5  22.5   17:00   NNE
13   5.1  10.2   16:30  -0.8    7:45  13.2   0.0   0.0   5.0  25.7   12:05   ENE
14   4.8  10.4   15:55  -0.4    6:05  13.4   0.0   0.0   4.7  24.1   19:35     E
15   8.4  14.9   17:10   1.1    4:10   9.8   0.0   0.0   8.0  40.2   10:30     E
16   9.8  12.4   18:40   6.6   00:00   8.5   0.0   1.6   2.4  24.1   16:55   WSW
17  11.7  19.1   14:55   3.9    6:50   6.6   0.0   0.0   2.9  25.7   18:05     E
18  15.3  22.1   13:55   8.4    7:00   3.8   0.9   0.0   4.8  24.1   12:35     E
19  17.3  24.8   16:10  10.9    6:45   2.7   1.7   0.0   2.6  25.7   12:35   ENE
20  16.7  24.6   16:00   6.4    7:55   3.5   1.9   0.0   2.4  24.1   15:00   ENE
21  17.2  24.3   15:30   8.8    7:20   2.8   1.7   0.0   1.9  19.3   14:00   ENE
22  16.9  23.9   14:00  10.0    6:25   2.6   1.2   0.0   1.4  14.5   11:30   ENE
23  15.4  19.1   15:40  11.6    6:40   2.9   0.0   0.0   0.8  20.9   12:30   WSW
24  12.4  13.6    0:05   9.7    9:40   2.7   0.0   1.4   1.6  30.6    9:10    SW
25
26
27
28
29
30
-------------------------------------------------------------------------------------
    10.4  24.8    19    -0.8    13   193.5   7.4  11.6   3.3  40.2    15       E

Max >=  32.0:  0
Max <=   0.0:  0
Min <=   0.0:  3
Min <= -18.0:  0
Max Rain: 4.19 ON 03/04/19
Days of Rain: 6 (> .2 mm) 2 (> 2 mm) 0 (> 20 mm)
Heat Base:  18.3  Cool Base:  18.3  Method: Integration