NOAA style reports

Rapports climatiques NOAA

Select NOAA data to display

Selectionner un mois ou une annee

Report for 2017 11
                   MONTHLY CLIMATOLOGICAL SUMMARY for NOV. 2017

NAME: meteo   CITY: ticheville   STATE: France 
ELEV:   216 m  LAT:  48° 54' 30" N  LONG:   0° 16' 00" E

                   TEMPERATURE (°C), RAIN  (mm), WIND SPEED (km/hr)

                                      HEAT  COOL        AVG
    MEAN                              DEG   DEG         WIND                 DOM
DAY TEMP  HIGH   TIME   LOW    TIME   DAYS  DAYS  RAIN  SPEED HIGH   TIME    DIR
------------------------------------------------------------------------------------
 1   9.5  16.4   14:40   4.7    1:55   8.8   0.0   0.0   0.3  16.1   11:20   ESE
 2  10.7  14.6   13:20   7.8    4:30   7.6   0.0   0.0   0.8  16.1   14:45   WSW
 3  11.8  16.9   14:00   7.3    5:40   6.5   0.0   0.0   1.3  17.7   19:20     E
 4  11.5  12.9   11:15   7.7   00:00   6.8   0.0   5.4   4.0  25.7   14:15    SW
 5   6.1   9.8   14:00   4.4    8:35  12.2   0.0   6.4   4.2  24.1   14:05   WSW
 6   5.2  10.6   14:05   1.5    8:15  13.1   0.0   0.2   0.3  12.9   12:10   NNE
 7   5.2  10.1   14:10   0.8    2:40  13.1   0.0   0.4   0.3  17.7   11:55    SW
 8   7.1   9.3   14:25   5.4    2:15  11.2   0.0   4.0   0.5  16.1   10:30    SW
 9   7.8   9.3   14:35   5.6    8:20  10.5   0.0   2.6   1.6  16.1   18:10   WSW
10   9.8  12.7   15:15   7.8   23:55   8.5   0.0   1.0   5.8  27.4   11:15   WSW
11  10.9  12.7   15:10   7.8    0:05   7.3   0.0  14.0  10.1  40.2   14:40   WSW
12   8.4  12.1    8:50   4.6   20:05   9.9   0.0  13.4   7.2  41.8    8:30    SW
13   5.5   9.3   14:10   2.0   23:25  12.8   0.0   0.0   0.8  20.9   11:30   WNW
14   5.6   9.3   15:15   1.5    3:10  12.7   0.0   0.0   1.0  12.9   11:00    SW
15   8.9  12.0   14:10   7.2    7:40   9.4   0.0   0.0   0.2  11.3   12:15   WSW
16   7.9  10.4   13:05   5.8   23:55  10.3   0.0   0.0   0.2   9.7   14:25     W
17   6.4   9.2   16:15   3.7   20:50  11.9   0.0   0.0   0.3  11.3   12:35   NNE
18   6.1   8.9   14:55   3.6    0:15  12.3   0.0   0.2   3.1  19.3   20:10   WSW
19   7.5   9.7    5:20   3.5   23:45  10.8   0.0   2.6   1.9  24.1    2:35   WSW
20   7.9  11.2   14:20   3.2    2:00  10.4   0.0   0.0   5.3  29.0   12:50    SW
21  10.1  11.4   23:30   8.9    4:45   8.2   0.0   0.0   7.1  30.6   13:25    SW
22  10.7  13.1   13:30   7.7    8:15   7.6   0.0   0.0   4.3  27.4   14:35   SSW
23  11.6  14.5   11:25   8.4   20:55   6.7   0.0   2.4   7.7  41.8    1:40   SSW
24   8.4  12.7    2:15   5.8   00:00   9.9   0.0  15.2   3.5  41.8    2:20   WSW
25   5.1   5.9    0:05   4.4    2:10   1.5   0.0   0.0   6.6  20.9    2:35   WSW
26
27
28
29
30
-------------------------------------------------------------------------------------
     8.2  16.9     3     0.8     7   240.0   0.0  67.8   3.1  41.8    12      SW

Max >=  32.0:  0
Max <=   0.0:  0
Min <=   0.0:  0
Min <= -18.0:  0
Max Rain: 15.19 ON 24/11/17
Days of Rain: 13 (> .2 mm) 9 (> 2 mm) 0 (> 20 mm)
Heat Base:  18.3  Cool Base:  18.3  Method: Integration